35 and x.
5
Suppose -4369 = -124*m - 897. Suppose 5*r - 667 = 2*v - 179, 101 = r + 3*v. What is the greatest common factor of m and r?
14
Let d(l) = -45*l + 8. Let r be d(-2). Suppose -5*s + 0*s = 4*n - 146, 5*n - r = -3*s. What is the greatest common divisor of 234 and s?
26
Let n be ((-8)/(-10))/((-30)/(-1875)). What is the greatest common factor of n and 200?
50
Suppose a - 117 = -5*i + 102, -i - a = -43. What is the greatest common factor of 418 and i?
22
Suppose -6*y - 127 + 523 = 0. Suppose -y + 3 = -3*p. Calculate the greatest common factor of p and 63.
21
Let m(r) = 2*r**2 + 9*r - 17. Let k be m(-6). Suppose 5*y + o - 4 = y, 4*y = -4*o + 4. Calculate the highest common factor of k and y.
1
Suppose 0 = -3*a + 114 + 84. Let k be 8 - (4 - (-1 + 3)). What is the greatest common factor of k and a?
6
Let w be (2 - -119*1) + 52/(-26). Let o = 3 + 14. What is the greatest common factor of o and w?
17
Suppose 209 = -7*d + 1756. Calculate the highest common divisor of d and 153.
17
Let p(o) = 2*o**2 - 5*o + 2. Let q be 10/2*(0 - -1). Let a be p(q). Let u = a - 0. Calculate the highest common divisor of 18 and u.
9
Suppose 61600 + 16403 = 81*p. What is the highest common factor of 9 and p?
9
Let k = -26 + 116. Suppose 0 = -3*w - 0*w - 135. Let r = k + w. Calculate the highest common factor of r and 9.
9
Suppose 5*o = -o + 882. What is the greatest common divisor of 42 and o?
21
Suppose 55 = 5*u - 5. Let k(p) = 23*p**2 - 4*p. Let l be k(2). What is the greatest common divisor of u and l?
12
Let m(x) = -6*x - 2 + 5*x**3 + 4*x - x**3 + x**2 - 5*x**3. Let t be (-2)/(-1 + 15/9). Let p be m(t). Calculate the highest common divisor of p and 5.
5
Suppose -6*c + 1031 = 71. Calculate the highest common factor of c and 96.
32
Let z = 68 - 43. Let j = -17 + z. Calculate the highest common factor of 72 and j.
8
Suppose 4*c - 130 = 5*o, -2*c + 66 = -38*o + 35*o. What is the greatest common factor of c and 30?
30
Suppose 5*w - 7 = 8. Let q be (26/(-4))/(w/(-6)). Let c be 2*(q + (-8)/(-4)). What is the highest common divisor of c and 20?
10
Suppose -11*j = -13*j - 8. Let o be 68/10*(-10)/j. What is the highest common factor of 17 and o?
17
Let r be (-270)/3*(11/(-3) + 1). Calculate the highest common factor of 10 and r.
10
Let y(c) = -2*c**2 + 5*c + 25. Let z be y(-12). Let l = z - -494. What is the greatest common factor of l and 19?
19
Suppose 4*s + 12 = u, -4*u + 4*s + 15 = -s. Let a(g) = -g + 27. Let y be a(u). What is the highest common divisor of y and 108?
27
Let s(w) = w + 4. Let x be s(3). Let m(b) = b**2 - 16*b - 8. Let p be m(12). Let v be (-106)/(-16) - 21/p. Calculate the greatest common divisor of x and v.
7
Suppose -3*m + 4*l = -4 - 12, -35 = -5*m + 5*l. Let n = m + -9. Suppose n*d - 9 = 6. Calculate the greatest common factor of d and 2.
1
Suppose 2 = 7*k - 19. Suppose -2*q = 2*f + 2*f - 68, -3*f - k*q = -57. Calculate the greatest common divisor of f and 45.
15
Suppose -4*j + 529 = -871. Calculate the highest common factor of 100 and j.
50
Let h be ((-987)/(-35) + -3)*5. What is the highest common factor of h and 90?
18
Let x = -94 + 110. Let v be (3/(-6))/(3/(-1344)). Calculate the greatest common divisor of v and x.
16
Let n(v) = 66*v - 5. Let c be n(-8). Let l be 1/3 - c/39. What is the greatest common factor of l and 126?
14
Let j be (-142)/3*((-468)/18 - -14). What is the highest common divisor of 71 and j?
71
Suppose 3*a + 4*c - 5 = 0, -5*a + 16 = -4*c - 3. Let v(x) = x**3 - 12*x**2 + 7. Let u be v(12). Let o = -6 + u. What is the highest common divisor of a and o?
1
Let u = 4277 + -4268. Suppose -2*m + 20 = 2*w - w, 0 = -4*w - m + 115. Let k be w*(1 + (-2)/(-4)). What is the greatest common divisor of u and k?
9
Let z(l) = l**2 - 11*l + 45. Let u be z(11). Calculate the highest common factor of u and 18.
9
Suppose 0*a = 2*a + f + 58, -2*a - 5*f - 58 = 0. Let s = a + 30. Suppose -2*m = -s - 53. Calculate the highest common divisor of m and 18.
9
Let r = -545 - -725. What is the highest common divisor of 84 and r?
12
Suppose 5*m = -4*a + 18, a - 3*a = 2*m - 8. Suppose 0 = -m*b - 2*b + 16. Calculate the highest common divisor of 10 and b.
2
Let x(t) = -t + 362. Let o be x(-34). Calculate the greatest common factor of o and 54.
18
Let r be 14/((-84)/(-426)) - -10. Calculate the highest common divisor of r and 1269.
27
Let w = 366 + 185. Let y = -211 + w. What is the greatest common factor of y and 34?
34
Suppose 0 = -4*l + 16 - 4, -l = 4*a - 19. Let t be 1/(-2) - (-582)/a. What is the highest common divisor of 29 and t?
29
Let s(f) = 12*f**2 - 21 + 3*f - 16*f**3 - 9*f**3 - 3*f**2 + 24*f**3. Let b be s(9). What is the greatest common divisor of b and 78?
6
Suppose 7*s - 12 = 3*s - 4*n, s - 5 = -2*n. Let x be (s - 2 - 45/12)*-4. What is the highest common divisor of 19 and x?
19
Suppose -1076 = -z + 5*q, 2*q + 1070 = 5*z - 4*z. Calculate the highest common divisor of z and 164.
82
Let f(b) = 8*b**2 + 5*b - 39. Let l be f(15). Suppose -12*d + l = -3*d. Calculate the greatest common factor of d and 12.
12
Let p be 21*(-4)/60*-5. Calculate the greatest common factor of p and 91.
7
Let d = 686 - 656. What is the highest common factor of 600 and d?
30
Let f(a) = a**2 - a. Let i be f(0). Suppose -5*k + 86 = 3*u, 2*u - 4*k + 5*k - 48 = i. Suppose 199 = 3*o + 67. Calculate the highest common divisor of o and u.
22
Let u be (4/3)/((-68)/(-459)). What is the highest common factor of 225 and u?
9
Let b be (-1)/((-1)/1)*6. Let u(h) = -2*h**3 - 21*h**2 - 30*h - 176. Let z be u(-10). Calculate the highest common divisor of z and b.
6
Let t be (-3)/((-5)/((-250)/(-15))). Let z be 33/(-22)*(0 - t). Calculate the highest common divisor of z and 90.
15
Let z(t) be the third derivative of 19*t**5/60 - t**4/8 - 5*t**3/3 + 42*t**2. Let f be z(-2). What is the highest common divisor of f and 8?
8
Let m be -5*(12/5)/(-3). Suppose 0 = -m*n + 8 + 8. Suppose -138 = 7*f - 390. Calculate the greatest common divisor of n and f.
4
Let l be (-33)/9*(28 - 40). Calculate the highest common divisor of 66 and l.
22
Let b(x) = -x**3 - 2*x**2 - 2*x + 1. Let m be b(-2). Suppose -5*y = p - 77, -5*y + m*p - 18 = -113. What is the greatest common divisor of 80 and y?
16
Suppose 0 = 3*b + 229 + 71. Let j be ((-3)/4)/(1/b). Calculate the greatest common factor of j and 15.
15
Let u(t) = 2*t**3 + 9*t**2 + 2*t + 11. Suppose 20*y - 8 = 21*y. Let g be u(y). Let q be g/(-13) - 28/(-182). Calculate the greatest common factor of q and 5.
5
Let g = -91 - -103. Let t = 8 + g. What is the highest common factor of 25 and t?
5
Suppose -21*k - 43 = -4*m - 22*k, -m - 5*k = 13. What is the greatest common divisor of m and 108?
12
Let x be 20/170 - (-2289)/51. What is the highest common factor of x and 20?
5
Suppose 0 = 17*p - 18*p + 483. Calculate the greatest common divisor of p and 69.
69
Let a be 8876/18 - 1/9. What is the greatest common factor of 58 and a?
29
Suppose 5*g = 85 + 95. What is the highest common factor of 234 and g?
18
Let o be (-25674)/(-22) + (-4 - -10). What is the highest common factor of o and 23?
23
Let s = -45 + 49. Suppose 5*v - s*n = 81, -2*n = 3*v - 6*n - 55. Calculate the highest common divisor of v and 52.
13
Suppose 3*l - 5*a = -2*l + 110, l + 2*a - 16 = 0. Let i(f) = 8*f - 35. Let j be i(5). Calculate the greatest common divisor of l and j.
5
Let a = 999 - 970. Suppose -4*n + 683 = -361. Calculate the highest common divisor of a and n.
29
Let d = -21 - -39. Suppose -6*b + d = -3*b. What is the highest common divisor of 2 and b?
2
Suppose 2*u - g = 490 + 341, 2*u + 2*g = 834. What is the greatest common divisor of 64 and u?
32
Let h be 28/42*(-102)/(-4). Suppose 2*l - h + 7 = 0. What is the greatest common factor of 45 and l?
5
Let q = 121 - 26. Let j = q - 46. What is the greatest common factor of 196 and j?
49
Let g be -1*177 - (-13 - -12). Let t be -1 - (-11)/(-33)*(-105)/(-1). Let p = t - g. What is the highest common factor of 28 and p?
28
Let w(y) = 62*y + 1. Let v be w(1). Let g be 6/4*(-30)/(-9). Suppose -5*n - 13 - 2 = 0, -4*c + 43 = -g*n. Calculate the greatest common divisor of c and v.
7
Let j(u) = 3*u + 3. Let t be j(7). Let c = 307 + -115. What is the greatest common divisor of c and t?
24
Suppose 3*r - 19 = s, -4*r + 3*s = -0*s - 27. Let p(z) = -10*z 